{"id":9532,"date":"2015-11-22T22:31:27","date_gmt":"2015-11-22T21:31:27","guid":{"rendered":"http:\/\/www.100marathonclub.at\/?page_id=9532"},"modified":"2016-01-03T14:15:27","modified_gmt":"2016-01-03T13:15:27","slug":"kalender-2015","status":"publish","type":"page","link":"http:\/\/www.100marathonclub.at\/?page_id=9532","title":{"rendered":"Kalender 2015"},"content":{"rendered":"<p><strong>Geplante Teilnahmen<\/strong><\/p>\n<p>(Die\u00a0Eintragung in den\u00a0Kalender\u00a0ist den Mitgliedern selbst vorbehalten)<\/p>\n<p><strong>Vergangene Teilnahmen<\/strong><\/p>\n<table width=\"640\" border=\"1\" cellspacing=\"0\" cellpadding=\"0\">\n<tbody>\n<tr>\n<td valign=\"top\" width=\"102\">KW 01<\/td>\n<td valign=\"top\" width=\"378\">Mi 31.12.: Calderara di Reno (Bologna) &#8212; B\u00d6RNI<\/td>\n<\/tr>\n<tr>\n<td valign=\"top\" width=\"102\">KW 02<\/td>\n<td valign=\"top\" width=\"378\"><\/td>\n<\/tr>\n<tr>\n<td valign=\"top\" width=\"102\">KW 03<\/td>\n<td valign=\"top\" width=\"378\"><\/td>\n<\/tr>\n<tr>\n<td valign=\"top\" width=\"102\">KW 04<\/td>\n<td valign=\"top\" width=\"378\"><\/td>\n<\/tr>\n<tr>\n<td valign=\"top\" width=\"102\">KW 05<\/td>\n<td valign=\"top\" width=\"378\">Fr 30.1.: 24h Burgenland Extrem &#8212;ANDY<br \/>\nSo 1.2.: Bad F\u00fcssing &#8212; B\u00d6RNI<\/td>\n<\/tr>\n<tr>\n<td valign=\"top\" width=\"102\">KW 06<\/td>\n<td valign=\"top\" width=\"378\"><\/td>\n<\/tr>\n<tr>\n<td valign=\"top\" width=\"102\">KW 07<\/td>\n<td valign=\"top\" width=\"378\"><\/td>\n<\/tr>\n<tr>\n<td valign=\"top\" width=\"102\">KW 08<\/td>\n<td valign=\"top\" width=\"378\">So 22.2.: Malta &#8212; B\u00d6RNI<\/td>\n<\/tr>\n<tr>\n<td valign=\"top\" width=\"102\">KW 09<\/td>\n<td valign=\"top\" width=\"378\"><\/td>\n<\/tr>\n<tr>\n<td valign=\"top\" width=\"102\">KW 10<\/td>\n<td valign=\"top\" width=\"378\"><\/td>\n<\/tr>\n<tr>\n<td valign=\"top\" width=\"102\">KW 11<\/td>\n<td valign=\"top\" width=\"378\"><\/td>\n<\/tr>\n<tr>\n<td valign=\"top\" width=\"102\">KW 12<\/td>\n<td valign=\"top\" width=\"378\"><\/td>\n<\/tr>\n<tr>\n<td valign=\"top\" width=\"102\">KW 13<\/td>\n<td valign=\"top\" width=\"378\">Sa 28.3.: 6h Lassee &#8212; ANDY<\/td>\n<\/tr>\n<tr>\n<td valign=\"top\" width=\"102\">KW 14<\/td>\n<td valign=\"top\" width=\"378\"><\/td>\n<\/tr>\n<tr>\n<td valign=\"top\" width=\"102\">KW 15<\/td>\n<td valign=\"top\" width=\"378\">So 12.4.: VCM &#8212; B\u00d6RNI, JOSEF, ANDY, WERNER, BERNHARD, MANFRED<\/td>\n<\/tr>\n<tr>\n<td valign=\"top\" width=\"102\">KW 16<\/td>\n<td valign=\"top\" width=\"378\"><\/td>\n<\/tr>\n<tr>\n<td valign=\"top\" width=\"102\">KW 17<\/td>\n<td valign=\"top\" width=\"378\">So 26.4.: Hamburg &#8212; B\u00d6RNI<\/td>\n<\/tr>\n<tr>\n<td valign=\"top\" width=\"102\">KW 18<\/td>\n<td valign=\"top\" width=\"378\">So 3.5.: Salzburg &#8212; ANDY<\/td>\n<\/tr>\n<tr>\n<td valign=\"top\" width=\"102\">KW 19<\/td>\n<td valign=\"top\" width=\"378\"><\/td>\n<\/tr>\n<tr>\n<td valign=\"top\" width=\"102\">KW 20<\/td>\n<td valign=\"top\" width=\"378\">Fr 15.5.: 48h Gols &#8212; ANDY, JOSEF<\/td>\n<\/tr>\n<tr>\n<td valign=\"top\" width=\"102\">KW 21<\/td>\n<td valign=\"top\" width=\"378\">So 24.5.: Kesztely &#8212; BOERNI<\/td>\n<\/tr>\n<tr>\n<td valign=\"top\" width=\"102\">KW 22<\/td>\n<td valign=\"top\" width=\"378\">Mo 25.5.: 6h Oberwart &#8212; ANDY<\/td>\n<\/tr>\n<tr>\n<td valign=\"top\" width=\"102\">KW 23<\/td>\n<td valign=\"top\" width=\"378\">So 7.6.: Sommeralm &#8212; ANDY, WERNER<\/td>\n<\/tr>\n<tr>\n<td valign=\"top\" width=\"102\">KW 24<\/td>\n<td valign=\"top\" width=\"378\">Sa 13.6.: 100km Wien &#8212; ANDY<\/td>\n<\/tr>\n<tr>\n<td valign=\"top\" width=\"102\">KW 25<\/td>\n<td valign=\"top\" width=\"378\"><\/td>\n<\/tr>\n<tr>\n<td valign=\"top\" width=\"102\">KW 26<\/td>\n<td valign=\"top\" width=\"378\"><\/td>\n<\/tr>\n<tr>\n<td valign=\"top\" width=\"102\">KW 27<\/td>\n<td valign=\"top\" width=\"378\">So 6.7.: Szombathely M. &#8212; WERNER<\/td>\n<\/tr>\n<tr>\n<td valign=\"top\" width=\"102\">KW 28<\/td>\n<td valign=\"top\" width=\"378\"><\/td>\n<\/tr>\n<tr>\n<td valign=\"top\" width=\"102\">KW 29<\/td>\n<td valign=\"top\" width=\"378\">Sa 18.7.: 12h Prambachkirchen &#8212; ANDY<\/td>\n<\/tr>\n<tr>\n<td valign=\"top\" width=\"102\">KW 30<\/td>\n<td valign=\"top\" width=\"378\"><\/td>\n<\/tr>\n<tr>\n<td valign=\"top\" width=\"102\">KW 31<\/td>\n<td valign=\"top\" width=\"378\">SA 1.8.- SO 2.8.: 10-in-10 Lago d&#8217;Orta &#8212; WERNER, ANDY<\/td>\n<\/tr>\n<tr>\n<td valign=\"top\" width=\"102\">KW 32<\/td>\n<td valign=\"top\" width=\"378\">MO 3.8.- SO 9.8.: 10-in10 Lago d&#8217;Orta &#8212; WERNER, ANDY<\/td>\n<\/tr>\n<tr>\n<td valign=\"top\" width=\"102\">KW 33<\/td>\n<td valign=\"top\" width=\"378\">Mo 10.8.: 10-in10 Lago d&#8217;Orta &#8212; WERNER, ANDY<\/td>\n<\/tr>\n<tr>\n<td valign=\"top\" width=\"102\">KW 34<\/td>\n<td valign=\"top\" width=\"378\">SA15.+SO16.8.: Pikes Peak Ascent + Marathon &#8211; HELMUT<\/td>\n<\/tr>\n<tr>\n<td valign=\"top\" width=\"102\">KW 35<\/td>\n<td valign=\"top\" width=\"378\">Sa 29.8.: 6h Pleissing &#8212; ANDY<\/td>\n<\/tr>\n<tr>\n<td valign=\"top\" width=\"102\">KW 36<\/td>\n<td valign=\"top\" width=\"378\">Fr 4.9.: 24h Reken &#8212; ANDY<\/td>\n<\/tr>\n<tr>\n<td valign=\"top\" width=\"102\">KW 37<\/td>\n<td valign=\"top\" width=\"378\">Sa 12.9.: Jungfrau &#8212; MANFRED<br \/>\nSo 13.9.: 6h (Rote Nasen) Prater &#8212; ANDY<br \/>\nSo 13.9.: Wachau &#8212; JOSEF<\/td>\n<\/tr>\n<tr>\n<td valign=\"top\" width=\"102\">KW 38<\/td>\n<td valign=\"top\" width=\"378\"><\/td>\n<\/tr>\n<tr>\n<td valign=\"top\" width=\"102\">KW 39<\/td>\n<td valign=\"top\" width=\"378\"><\/td>\n<\/tr>\n<tr>\n<td valign=\"top\" width=\"102\">KW 40<\/td>\n<td valign=\"top\" width=\"378\">Sa 3.10.: 6h Steyr &#8212; ANDY<\/td>\n<\/tr>\n<tr>\n<td valign=\"top\" width=\"102\">KW 41<\/td>\n<td valign=\"top\" width=\"378\">So 11.10.: Graz &#8212; ANDY<br \/>\nSo 11.10.: M\u00fcnchen &#8212; JOSEF<\/td>\n<\/tr>\n<tr>\n<td valign=\"top\" width=\"102\">KW 42<\/td>\n<td valign=\"top\" width=\"378\">So 18.10.: Wien LCC-Herbstmarathon &#8212; ANDY<\/td>\n<\/tr>\n<tr>\n<td valign=\"top\" width=\"102\">KW 43<\/td>\n<td valign=\"top\" width=\"378\">So 24.10.: Laibach Marathon &#8212; B\u00d6RNI<\/td>\n<\/tr>\n<tr>\n<td valign=\"top\" width=\"102\">KW 44<\/td>\n<td valign=\"top\" width=\"378\">Sa 31.10.: Wien rundumadum &#8212; JOSEF<\/td>\n<\/tr>\n<tr>\n<td valign=\"top\" width=\"102\">KW 45<\/td>\n<td valign=\"top\" width=\"378\">Sa 7.11.: Rauchwart &#8212; ANDY, WERNER, JOSEF<br \/>\nSo 8.11.: Nizza-Cannes Marathon &#8212; B\u00d6RNI<\/td>\n<\/tr>\n<tr>\n<td valign=\"top\" width=\"102\">KW 46<\/td>\n<td valign=\"top\" width=\"378\">So 15.11.: Palermo &#8212; GERHARD<br \/>\nSo 15.11.: Frauenfeld &#8212;\u00a0WERNER<br \/>\nSo 15.11.:Verona &#8212; MICHAEL<br \/>\nSo 15.11.: Istanbul &#8212; ERNST<\/td>\n<\/tr>\n<tr>\n<td valign=\"top\" width=\"102\">KW 47<\/td>\n<td valign=\"top\" width=\"378\">So 22.11.: Rieti (ITA) &#8212; GERHARD<br \/>\nSo 22.11.: Srch (Tschechien) &#8212; WERNER<\/td>\n<\/tr>\n<tr>\n<td valign=\"top\" width=\"102\">KW 48<\/td>\n<td valign=\"top\" width=\"378\">So 29.11.: Firenze &#8212; BOERNI, GERHARD<br \/>\nSo 29.11.: Crikvenica &#8212; WERNER<\/td>\n<\/tr>\n<tr>\n<td valign=\"top\" width=\"102\">KW 49<\/td>\n<td valign=\"top\" width=\"378\">Sa 05.12.: Getting Tough The Race 4 &#8212; BERNHARD<\/td>\n<\/tr>\n<tr>\n<td valign=\"top\" width=\"102\">KW 50<\/td>\n<td valign=\"top\" width=\"378\"><\/td>\n<\/tr>\n<tr>\n<td valign=\"top\" width=\"102\">KW 51<\/td>\n<td valign=\"top\" width=\"378\">Sa 17-18.12.: 24h Driehuis &#8212; ANDY<br \/>\nSa 19.12.: Zilina &#8212; JOSEF, WERNER<br \/>\nSo 20.12.: Pisa &#8212; BOERNI, GERHARD, HERBERT<\/td>\n<\/tr>\n<tr>\n<td valign=\"top\" width=\"102\">KW 52<\/td>\n<td valign=\"top\" width=\"378\"><\/td>\n<\/tr>\n<tr>\n<td valign=\"top\" width=\"102\">KW 53<\/td>\n<td valign=\"top\" width=\"378\">Do 31.12.:\u00a0Carderara di Reno (ITA) &#8212; GERHARD<\/td>\n<\/tr>\n<\/tbody>\n<\/table>\n","protected":false},"excerpt":{"rendered":"<p>Geplante Teilnahmen (Die\u00a0Eintragung in den\u00a0Kalender\u00a0ist den Mitgliedern selbst vorbehalten) Vergangene Teilnahmen KW 01 Mi 31.12.: Calderara di Reno (Bologna) &#8212; B\u00d6RNI KW 02 KW 03 KW 04 KW 05 Fr 30.1.: 24h Burgenland Extrem &#8212;ANDY So 1.2.: Bad F\u00fcssing &#8212; B\u00d6RNI KW 06 KW 07 KW 08 So 22.2.: Malta &#8212; B\u00d6RNI KW 09 KW &hellip; <a href=\"http:\/\/www.100marathonclub.at\/?page_id=9532\" class=\"more-link\"><span class=\"screen-reader-text\">Kalender 2015<\/span> weiterlesen <span class=\"meta-nav\">&rarr;<\/span><\/a><\/p>\n","protected":false},"author":1,"featured_media":0,"parent":0,"menu_order":0,"comment_status":"closed","ping_status":"closed","template":"","meta":[],"_links":{"self":[{"href":"http:\/\/www.100marathonclub.at\/index.php?rest_route=\/wp\/v2\/pages\/9532"}],"collection":[{"href":"http:\/\/www.100marathonclub.at\/index.php?rest_route=\/wp\/v2\/pages"}],"about":[{"href":"http:\/\/www.100marathonclub.at\/index.php?rest_route=\/wp\/v2\/types\/page"}],"author":[{"embeddable":true,"href":"http:\/\/www.100marathonclub.at\/index.php?rest_route=\/wp\/v2\/users\/1"}],"replies":[{"embeddable":true,"href":"http:\/\/www.100marathonclub.at\/index.php?rest_route=%2Fwp%2Fv2%2Fcomments&post=9532"}],"version-history":[{"count":59,"href":"http:\/\/www.100marathonclub.at\/index.php?rest_route=\/wp\/v2\/pages\/9532\/revisions"}],"predecessor-version":[{"id":10157,"href":"http:\/\/www.100marathonclub.at\/index.php?rest_route=\/wp\/v2\/pages\/9532\/revisions\/10157"}],"wp:attachment":[{"href":"http:\/\/www.100marathonclub.at\/index.php?rest_route=%2Fwp%2Fv2%2Fmedia&parent=9532"}],"curies":[{"name":"wp","href":"https:\/\/api.w.org\/{rel}","templated":true}]}}