{"id":8582,"date":"2014-04-24T15:34:53","date_gmt":"2014-04-24T14:34:53","guid":{"rendered":"http:\/\/www.100marathonclub.at\/?page_id=8582"},"modified":"2026-02-02T14:59:49","modified_gmt":"2026-02-02T13:59:49","slug":"gesamtranking","status":"publish","type":"page","link":"http:\/\/www.100marathonclub.at\/?page_id=8582","title":{"rendered":"Gesamtranking"},"content":{"rendered":"<p>Die nachfolgende Tabelle bietet eine numerische \u00dcbersicht \u00fcber die Anzahl der Marathons und Ultral\u00e4ufe, die die Mitglieder des 100 Marathon Club Austria bis zum jeweiligen Stichtag absolviert haben.<\/p>\n\n<table id=\"tablepress-61\" class=\"tablepress tablepress-id-61\">\n<thead>\n<tr class=\"row-1\">\n\t<th class=\"column-1\">&nbsp;<\/th><th class=\"column-2\">Vorname<\/th><th class=\"column-3\">Nachname<\/th><th class=\"column-4\">Marathons<\/th><th class=\"column-5\">Ultras<\/th><th class=\"column-6\">Gesamt<\/th><th class=\"column-7\">Termin<\/th><th class=\"column-8\">Land<\/th>\n<\/tr>\n<\/thead>\n<tbody class=\"row-hover\">\n<tr class=\"row-2\">\n\t<td class=\"column-1\">2<\/td><td class=\"column-2\">Gerhard<\/td><td class=\"column-3\">Wally<\/td><td class=\"column-4\"><a href=\"http:\/\/www.100marathonclub.at\/?page_id=11846\">782<\/a><\/td><td class=\"column-5\">0<\/td><td class=\"column-6\">782<\/td><td class=\"column-7\">2.5.2026<\/td><td class=\"column-8\">AT<\/td>\n<\/tr>\n<tr class=\"row-3\">\n\t<td class=\"column-1\">3<\/td><td class=\"column-2\">Karl-Alfred<\/td><td class=\"column-3\"><a href=\"http:\/\/www.100marathonclub.at\/?page_id=15483\">Erber<\/a><\/td><td class=\"column-4\">444 (420 MA)<\/td><td class=\"column-5\">0<\/td><td class=\"column-6\">444(420 MA)<\/td><td class=\"column-7\">19.4.2026<\/td><td class=\"column-8\">AT<\/td>\n<\/tr>\n<tr class=\"row-4\">\n\t<td class=\"column-1\">4<\/td><td class=\"column-2\">Werner<\/td><td class=\"column-3\">Kroer<\/td><td class=\"column-4\">402<\/td><td class=\"column-5\">23<\/td><td class=\"column-6\">425<\/td><td class=\"column-7\">2.5.2026<\/td><td class=\"column-8\">AT<\/td>\n<\/tr>\n<tr class=\"row-5\">\n\t<td class=\"column-1\">5<\/td><td class=\"column-2\">Harald<\/td><td class=\"column-3\">Wurm<\/td><td class=\"column-4\">343<\/td><td class=\"column-5\">70<\/td><td class=\"column-6\">413<\/td><td class=\"column-7\">2.5.2026<\/td><td class=\"column-8\">AT<\/td>\n<\/tr>\n<tr class=\"row-6\">\n\t<td class=\"column-1\">6<\/td><td class=\"column-2\">Ambros<\/td><td class=\"column-3\">M\u00fchlbachler<\/td><td class=\"column-4\">211 (205 MA)<\/td><td class=\"column-5\">152<\/td><td class=\"column-6\">363<\/td><td class=\"column-7\">12.4.2026<\/td><td class=\"column-8\">AT<\/td>\n<\/tr>\n<tr class=\"row-7\">\n\t<td class=\"column-1\">7<\/td><td class=\"column-2\">Helmut<\/td><td class=\"column-3\">Linzbichler<\/td><td class=\"column-4\">265<\/td><td class=\"column-5\">55<\/td><td class=\"column-6\">320<\/td><td class=\"column-7\">23.7.2022<\/td><td class=\"column-8\">AT<\/td>\n<\/tr>\n<tr class=\"row-8\">\n\t<td class=\"column-1\">8<\/td><td class=\"column-2\">Bernhard<\/td><td class=\"column-3\">Keiler<\/td><td class=\"column-4\">307<\/td><td class=\"column-5\">0<\/td><td class=\"column-6\">307<\/td><td class=\"column-7\">26.4.2026<\/td><td class=\"column-8\">AT<\/td>\n<\/tr>\n<tr class=\"row-9\">\n\t<td class=\"column-1\">9<\/td><td class=\"column-2\">Ernst <\/td><td class=\"column-3\">Fink<\/td><td class=\"column-4\">292<\/td><td class=\"column-5\">8<\/td><td class=\"column-6\">300<\/td><td class=\"column-7\">2.5.2026<\/td><td class=\"column-8\">AT<\/td>\n<\/tr>\n<tr class=\"row-10\">\n\t<td class=\"column-1\">10<\/td><td class=\"column-2\">Hemut<\/td><td class=\"column-3\">Kastl<\/td><td class=\"column-4\">228(4 Ironman)<\/td><td class=\"column-5\">55<\/td><td class=\"column-6\">283<\/td><td class=\"column-7\">19.4.2026<\/td><td class=\"column-8\">AT<\/td>\n<\/tr>\n<tr class=\"row-11\">\n\t<td class=\"column-1\">11<\/td><td class=\"column-2\">Franz<\/td><td class=\"column-3\">Lang<\/td><td class=\"column-4\">200<\/td><td class=\"column-5\">37<\/td><td class=\"column-6\">237<\/td><td class=\"column-7\">1.10.2023<\/td><td class=\"column-8\">AT<\/td>\n<\/tr>\n<tr class=\"row-12\">\n\t<td class=\"column-1\">12<\/td><td class=\"column-2\">Heidi<\/td><td class=\"column-3\">Riepl<\/td><td class=\"column-4\">236<\/td><td class=\"column-5\">0<\/td><td class=\"column-6\">236<\/td><td class=\"column-7\">19.4.2026<\/td><td class=\"column-8\">AT<\/td>\n<\/tr>\n<tr class=\"row-13\">\n\t<td class=\"column-1\">13<\/td><td class=\"column-2\">Hans<\/td><td class=\"column-3\">Novinscak<\/td><td class=\"column-4\">225<\/td><td class=\"column-5\">5<\/td><td class=\"column-6\">230<\/td><td class=\"column-7\">19.10.2025<\/td><td class=\"column-8\">AT<\/td>\n<\/tr>\n<tr class=\"row-14\">\n\t<td class=\"column-1\">17<\/td><td class=\"column-2\">Josef <\/td><td class=\"column-3\">Unterberger<\/td><td class=\"column-4\">205(<a href=\"http:\/\/www.100marathonclub.at\/?page_id=20739\">8 Ironmans<\/a>)<\/td><td class=\"column-5\"><a href=\"http:\/\/www.100marathonclub.at\/?page_id=20727\">21<\/a><\/td><td class=\"column-6\">226<\/td><td class=\"column-7\">2.5.2026<\/td><td class=\"column-8\">AT<\/td>\n<\/tr>\n<tr class=\"row-15\">\n\t<td class=\"column-1\">16<\/td><td class=\"column-2\">Dietmar<\/td><td class=\"column-3\">Pruckner<\/td><td class=\"column-4\">200<\/td><td class=\"column-5\">20<\/td><td class=\"column-6\">220<\/td><td class=\"column-7\">2.5.2026<\/td><td class=\"column-8\">AT<\/td>\n<\/tr>\n<tr class=\"row-16\">\n\t<td class=\"column-1\">14<\/td><td class=\"column-2\">Otto<\/td><td class=\"column-3\">Peischl<\/td><td class=\"column-4\">168<\/td><td class=\"column-5\">50<\/td><td class=\"column-6\">218<\/td><td class=\"column-7\">3.7.2025<\/td><td class=\"column-8\">AT<\/td>\n<\/tr>\n<tr class=\"row-17\">\n\t<td class=\"column-1\">15<\/td><td class=\"column-2\">Ernst<\/td><td class=\"column-3\">Bart<\/td><td class=\"column-4\">116<\/td><td class=\"column-5\">103<\/td><td class=\"column-6\">219<\/td><td class=\"column-7\">25.4.2026<\/td><td class=\"column-8\">AT<\/td>\n<\/tr>\n<tr class=\"row-18\">\n\t<td class=\"column-1\">18<\/td><td class=\"column-2\">Josef<\/td><td class=\"column-3\">St\u00f6ger<\/td><td class=\"column-4\">95<\/td><td class=\"column-5\">78<\/td><td class=\"column-6\">173<\/td><td class=\"column-7\">27.9.2025<\/td><td class=\"column-8\">AT<\/td>\n<\/tr>\n<tr class=\"row-19\">\n\t<td class=\"column-1\">19<\/td><td class=\"column-2\">Martin <\/td><td class=\"column-3\">Geicsnek<\/td><td class=\"column-4\">152(8 Ironman)<\/td><td class=\"column-5\">12<\/td><td class=\"column-6\">164<\/td><td class=\"column-7\">28.9.2025<\/td><td class=\"column-8\">AT<\/td>\n<\/tr>\n<tr class=\"row-20\">\n\t<td class=\"column-1\">20<\/td><td class=\"column-2\">Daniel<\/td><td class=\"column-3\">Krieg<\/td><td class=\"column-4\">116(1 Ironman)<\/td><td class=\"column-5\">40<\/td><td class=\"column-6\">156<\/td><td class=\"column-7\">19.10.2025<\/td><td class=\"column-8\">AT<\/td>\n<\/tr>\n<tr class=\"row-21\">\n\t<td class=\"column-1\">21<\/td><td class=\"column-2\">Andy<\/td><td class=\"column-3\">Kapui<\/td><td class=\"column-4\">79<\/td><td class=\"column-5\">72<\/td><td class=\"column-6\">151<\/td><td class=\"column-7\">10.7.2022<\/td><td class=\"column-8\">AT<\/td>\n<\/tr>\n<tr class=\"row-22\">\n\t<td class=\"column-1\">23<\/td><td class=\"column-2\">Fredl<\/td><td class=\"column-3\">Zitzenbacher<\/td><td class=\"column-4\">98(3 Ironman)<\/td><td class=\"column-5\">48<\/td><td class=\"column-6\">146<\/td><td class=\"column-7\">2.5.2026<\/td><td class=\"column-8\">AT<\/td>\n<\/tr>\n<tr class=\"row-23\">\n\t<td class=\"column-1\">22<\/td><td class=\"column-2\">Gerald <\/td><td class=\"column-3\">Frauendienst<\/td><td class=\"column-4\"><a href=\"http:\/\/www.100marathonclub.at\/?page_id=14675\">137(5 Ironmen)<\/a><\/td><td class=\"column-5\"><a href=\"http:\/\/www.100marathonclub.at\/?page_id=14687\">8 (4 Double Ultra Ironmen)<\/a><\/td><td class=\"column-6\">145<\/td><td class=\"column-7\">30.11.2025<\/td><td class=\"column-8\">AT<\/td>\n<\/tr>\n<tr class=\"row-24\">\n\t<td class=\"column-1\">27<\/td><td class=\"column-2\">Thomas <\/td><td class=\"column-3\">Senoner<\/td><td class=\"column-4\">129<\/td><td class=\"column-5\">5<\/td><td class=\"column-6\">134<\/td><td class=\"column-7\">26.4.2026<\/td><td class=\"column-8\">AT<\/td>\n<\/tr>\n<tr class=\"row-25\">\n\t<td class=\"column-1\">25<\/td><td class=\"column-2\">Richard<\/td><td class=\"column-3\">Pirngruber<\/td><td class=\"column-4\">72<\/td><td class=\"column-5\"><a href=\"http:\/\/www.100marathonclub.at\/?page_id=21535\">59<\/a><\/td><td class=\"column-6\">131<\/td><td class=\"column-7\">8.3.2026<\/td><td class=\"column-8\">AT<\/td>\n<\/tr>\n<tr class=\"row-26\">\n\t<td class=\"column-1\">28<\/td><td class=\"column-2\">Helga<\/td><td class=\"column-3\">Marwan-Schlosser (Zisser)<\/td><td class=\"column-4\">108<\/td><td class=\"column-5\">12<\/td><td class=\"column-6\">120<\/td><td class=\"column-7\">26.4.2026<\/td><td class=\"column-8\">AT<\/td>\n<\/tr>\n<tr class=\"row-27\">\n\t<td class=\"column-1\">30<\/td><td class=\"column-2\">Csilla<\/td><td class=\"column-3\">Prosser<\/td><td class=\"column-4\">105<\/td><td class=\"column-5\"><a href=\"http:\/\/www.100marathonclub.at\/?page_id=22269\">10<\/a><\/td><td class=\"column-6\">115<\/td><td class=\"column-7\">26.4.2026<\/td><td class=\"column-8\">AT<\/td>\n<\/tr>\n<tr class=\"row-28\">\n\t<td class=\"column-1\">32<\/td><td class=\"column-2\">Christoph <\/td><td class=\"column-3\">Harnischfeger <\/td><td class=\"column-4\">107<\/td><td class=\"column-5\">3<\/td><td class=\"column-6\">110<\/td><td class=\"column-7\">2.5.2026<\/td><td class=\"column-8\">AT<\/td>\n<\/tr>\n<tr class=\"row-29\">\n\t<td class=\"column-1\">31<\/td><td class=\"column-2\">Oliver<\/td><td class=\"column-3\">K\u00e4fer<\/td><td class=\"column-4\">105<\/td><td class=\"column-5\">4<\/td><td class=\"column-6\">109<\/td><td class=\"column-7\">2.5.2026<\/td><td class=\"column-8\">AT<\/td>\n<\/tr>\n<tr class=\"row-30\">\n\t<td class=\"column-1\">33<\/td><td class=\"column-2\">Erwin<\/td><td class=\"column-3\">Ostry<\/td><td class=\"column-4\">32<\/td><td class=\"column-5\"><a href=\"http:\/\/www.100marathonclub.at\/?page_id=13179\">71<\/a><\/td><td class=\"column-6\">103<\/td><td class=\"column-7\">21.12.2025<\/td><td class=\"column-8\">AT<\/td>\n<\/tr>\n<tr class=\"row-31\">\n\t<td class=\"column-1\">34<\/td><td class=\"column-2\">Rainhart<\/td><td class=\"column-3\">Koranda<\/td><td class=\"column-4\">72<\/td><td class=\"column-5\">29<\/td><td class=\"column-6\">101<\/td><td class=\"column-7\">19.4.2026<\/td><td class=\"column-8\">AT<\/td>\n<\/tr>\n<tr class=\"row-32\">\n\t<td class=\"column-1\">35<\/td><td class=\"column-2\">Herbert<\/td><td class=\"column-3\">Bauer<\/td><td class=\"column-4\">93<\/td><td class=\"column-5\">1<\/td><td class=\"column-6\">94<\/td><td class=\"column-7\">15.2.2026<\/td><td class=\"column-8\">AT<\/td>\n<\/tr>\n<tr class=\"row-33\">\n\t<td class=\"column-1\">36<\/td><td class=\"column-2\">Manfred <\/td><td class=\"column-3\">Weiss<\/td><td class=\"column-4\">87<\/td><td class=\"column-5\">6<\/td><td class=\"column-6\">93<\/td><td class=\"column-7\">21.12.2025<\/td><td class=\"column-8\">AT<\/td>\n<\/tr>\n<tr class=\"row-34\">\n\t<td class=\"column-1\">37<\/td><td class=\"column-2\">Gerald<\/td><td class=\"column-3\">Stoiser<\/td><td class=\"column-4\">63<\/td><td class=\"column-5\">29<\/td><td class=\"column-6\">92<\/td><td class=\"column-7\">12.4.2026<\/td><td class=\"column-8\">AT<\/td>\n<\/tr>\n<tr class=\"row-35\">\n\t<td class=\"column-1\">39<\/td><td class=\"column-2\">Karin <\/td><td class=\"column-3\">Rosenberger(Augustin\/Russ)<\/td><td class=\"column-4\">60<\/td><td class=\"column-5\">28<\/td><td class=\"column-6\">88<\/td><td class=\"column-7\">20.4.2026<\/td><td class=\"column-8\">AT<\/td>\n<\/tr>\n<tr class=\"row-36\">\n\t<td class=\"column-1\">38<\/td><td class=\"column-2\">Felix<\/td><td class=\"column-3\">Pauli<\/td><td class=\"column-4\">86(+Wien Marathon 18.4.93)<\/td><td class=\"column-5\">0<\/td><td class=\"column-6\">86<\/td><td class=\"column-7\">27.9.2025<\/td><td class=\"column-8\">AT<\/td>\n<\/tr>\n<tr class=\"row-37\">\n\t<td class=\"column-1\">40<\/td><td class=\"column-2\">Thomas<\/td><td class=\"column-3\">Lanz<\/td><td class=\"column-4\">65<\/td><td class=\"column-5\">19<\/td><td class=\"column-6\">84<\/td><td class=\"column-7\">30.6.2024<\/td><td class=\"column-8\">AT<\/td>\n<\/tr>\n<tr class=\"row-38\">\n\t<td class=\"column-1\">41<\/td><td class=\"column-2\">Franz<\/td><td class=\"column-3\">Biribauer<\/td><td class=\"column-4\">80<\/td><td class=\"column-5\">0<\/td><td class=\"column-6\">80<\/td><td class=\"column-7\">19.4.2026<\/td><td class=\"column-8\">AT<\/td>\n<\/tr>\n<tr class=\"row-39\">\n\t<td class=\"column-1\">42<\/td><td class=\"column-2\">Michael<\/td><td class=\"column-3\">Reichetzeder<\/td><td class=\"column-4\">50<\/td><td class=\"column-5\">24<\/td><td class=\"column-6\">74<\/td><td class=\"column-7\">19.4.2026<\/td><td class=\"column-8\">AT<\/td>\n<\/tr>\n<tr class=\"row-40\">\n\t<td class=\"column-1\">46<\/td><td class=\"column-2\">Ilse<\/td><td class=\"column-3\">Fritz<\/td><td class=\"column-4\">35<\/td><td class=\"column-5\">32<\/td><td class=\"column-6\">67<\/td><td class=\"column-7\">12.4.2026<\/td><td class=\"column-8\">AT<\/td>\n<\/tr>\n<tr class=\"row-41\">\n\t<td class=\"column-1\">48<\/td><td class=\"column-2\">Markus<\/td><td class=\"column-3\">Winkler<\/td><td class=\"column-4\">56<\/td><td class=\"column-5\">11<\/td><td class=\"column-6\">67<\/td><td class=\"column-7\">19.4.2026<\/td><td class=\"column-8\">AT<\/td>\n<\/tr>\n<tr class=\"row-42\">\n\t<td class=\"column-1\">45<\/td><td class=\"column-2\">Robert <\/td><td class=\"column-3\">Weihs<\/td><td class=\"column-4\">51<\/td><td class=\"column-5\">16<\/td><td class=\"column-6\">67<\/td><td class=\"column-7\">19.4.2026<\/td><td class=\"column-8\">AT<\/td>\n<\/tr>\n<tr class=\"row-43\">\n\t<td class=\"column-1\">49<\/td><td class=\"column-2\">Christian<\/td><td class=\"column-3\">Bair<\/td><td class=\"column-4\">63<\/td><td class=\"column-5\">3<\/td><td class=\"column-6\">66<\/td><td class=\"column-7\">26.4.2026<\/td><td class=\"column-8\">AT<\/td>\n<\/tr>\n<tr class=\"row-44\">\n\t<td class=\"column-1\">47<\/td><td class=\"column-2\">Stephan<\/td><td class=\"column-3\">Mildschuh<\/td><td class=\"column-4\">60<\/td><td class=\"column-5\">3<\/td><td class=\"column-6\">63<\/td><td class=\"column-7\">19.10.2025<\/td><td class=\"column-8\">AT<\/td>\n<\/tr>\n<tr class=\"row-45\">\n\t<td class=\"column-1\">50<\/td><td class=\"column-2\">G\u00fcnter <\/td><td class=\"column-3\">Jilch<\/td><td class=\"column-4\">60<\/td><td class=\"column-5\">0<\/td><td class=\"column-6\">60<\/td><td class=\"column-7\">2.5.2026<\/td><td class=\"column-8\">AT<\/td>\n<\/tr>\n<tr class=\"row-46\">\n\t<td class=\"column-1\">51<\/td><td class=\"column-2\">Martin<\/td><td class=\"column-3\">Trimmel<\/td><td class=\"column-4\">23<\/td><td class=\"column-5\">30<\/td><td class=\"column-6\">53<\/td><td class=\"column-7\">30.11.2025<\/td><td class=\"column-8\">AT<\/td>\n<\/tr>\n<tr class=\"row-47\">\n\t<td class=\"column-1\">52<\/td><td class=\"column-2\">Eveline<\/td><td class=\"column-3\">Ranninger(Rac)<\/td><td class=\"column-4\">38<\/td><td class=\"column-5\">15<\/td><td class=\"column-6\">53<\/td><td class=\"column-7\">18.12.2019<\/td><td class=\"column-8\">AT<\/td>\n<\/tr>\n<tr class=\"row-48\">\n\t<td class=\"column-1\">53<\/td><td class=\"column-2\">Hans-J\u00fcrgen<\/td><td class=\"column-3\">Fanter<\/td><td class=\"column-4\">36<\/td><td class=\"column-5\">14<\/td><td class=\"column-6\">50<\/td><td class=\"column-7\">22.12.2024<\/td><td class=\"column-8\">AT<\/td>\n<\/tr>\n<tr class=\"row-49\">\n\t<td class=\"column-1\">55<\/td><td class=\"column-2\">Andreas<\/td><td class=\"column-3\">Paitl<\/td><td class=\"column-4\">43<\/td><td class=\"column-5\">2<\/td><td class=\"column-6\">45<\/td><td class=\"column-7\">2.5.2026<\/td><td class=\"column-8\">AT<\/td>\n<\/tr>\n<tr class=\"row-50\">\n\t<td class=\"column-1\">54<\/td><td class=\"column-2\">Mario<\/td><td class=\"column-3\">Gro\u00df<\/td><td class=\"column-4\">38<\/td><td class=\"column-5\">3<\/td><td class=\"column-6\">41<\/td><td class=\"column-7\">2.5.2026<\/td><td class=\"column-8\">AT<\/td>\n<\/tr>\n<tr class=\"row-51\">\n\t<td class=\"column-1\">56<\/td><td class=\"column-2\">Otwin<\/td><td class=\"column-3\">Donabaum<\/td><td class=\"column-4\">36<\/td><td class=\"column-5\">1<\/td><td class=\"column-6\">37<\/td><td class=\"column-7\">19.4.2026<\/td><td class=\"column-8\">AT<\/td>\n<\/tr>\n<tr class=\"row-52\">\n\t<td class=\"column-1\">57<\/td><td class=\"column-2\">Peter<\/td><td class=\"column-3\">Denk<\/td><td class=\"column-4\">10<\/td><td class=\"column-5\">16<\/td><td class=\"column-6\">26<\/td><td class=\"column-7\">7.7.2025<\/td><td class=\"column-8\">AT<\/td>\n<\/tr>\n<tr class=\"row-53\">\n\t<td class=\"column-1\">58<\/td><td class=\"column-2\">G\u00fcnther<\/td><td class=\"column-3\">Prem<\/td><td class=\"column-4\">25<\/td><td class=\"column-5\">0<\/td><td class=\"column-6\">25<\/td><td class=\"column-7\">12.10.2025<\/td><td class=\"column-8\">AT<\/td>\n<\/tr>\n<tr class=\"row-54\">\n\t<td class=\"column-1\">59<\/td><td class=\"column-2\">Roman<\/td><td class=\"column-3\">Pauli<\/td><td class=\"column-4\">18<\/td><td class=\"column-5\">0<\/td><td class=\"column-6\">18<\/td><td class=\"column-7\">19.4.2026<\/td><td class=\"column-8\">AT<\/td>\n<\/tr>\n<tr class=\"row-55\">\n\t<td class=\"column-1\">60<\/td><td class=\"column-2\">Georg<\/td><td class=\"column-3\">Pauli<\/td><td class=\"column-4\">17<\/td><td class=\"column-5\">0<\/td><td class=\"column-6\">17<\/td><td class=\"column-7\">19.10.2025<\/td><td class=\"column-8\">AT<\/td>\n<\/tr>\n<tr class=\"row-56\">\n\t<td class=\"column-1\">63<\/td><td class=\"column-2\">Stefan<\/td><td class=\"column-3\">Heinrich<\/td><td class=\"column-4\">17<\/td><td class=\"column-5\">0<\/td><td class=\"column-6\">17<\/td><td class=\"column-7\">2.5.2026<\/td><td class=\"column-8\">AT<\/td>\n<\/tr>\n<tr class=\"row-57\">\n\t<td class=\"column-1\">61<\/td><td class=\"column-2\">Judith<\/td><td class=\"column-3\">Schubert<\/td><td class=\"column-4\">14<\/td><td class=\"column-5\">0<\/td><td class=\"column-6\">14<\/td><td class=\"column-7\">8.2.2026<\/td><td class=\"column-8\">AT<\/td>\n<\/tr>\n<tr class=\"row-58\">\n\t<td class=\"column-1\">62<\/td><td class=\"column-2\">Kathrin <\/td><td class=\"column-3\">Jamoeck <\/td><td class=\"column-4\">9<\/td><td class=\"column-5\">4<\/td><td class=\"column-6\">13<\/td><td class=\"column-7\">12.4.2026<\/td><td class=\"column-8\">AT<\/td>\n<\/tr>\n<tr class=\"row-59\">\n\t<td class=\"column-1\">64<\/td><td class=\"column-2\">Brigitte<\/td><td class=\"column-3\">Fellner<\/td><td class=\"column-4\">5<\/td><td class=\"column-5\">6(DUV 2)<\/td><td class=\"column-6\">11<\/td><td class=\"column-7\">8.11.2025<\/td><td class=\"column-8\">AT<\/td>\n<\/tr>\n<tr class=\"row-60\">\n\t<td class=\"column-1\">65<\/td><td class=\"column-2\">Georgina<\/td><td class=\"column-3\">Pratt<\/td><td class=\"column-4\">10<\/td><td class=\"column-5\">0<\/td><td class=\"column-6\">10<\/td><td class=\"column-7\">19.4.2026<\/td><td class=\"column-8\">AT<\/td>\n<\/tr>\n<tr class=\"row-61\">\n\t<td class=\"column-1\">66<\/td><td class=\"column-2\">Niklas<\/td><td class=\"column-3\">Frauendienst<\/td><td class=\"column-4\">4<\/td><td class=\"column-5\">0<\/td><td class=\"column-6\">4<\/td><td class=\"column-7\">25.9.2022<\/td><td class=\"column-8\">AT<\/td>\n<\/tr>\n<tr class=\"row-62\">\n\t<td class=\"column-1\">67<\/td><td class=\"column-2\">Franz<\/td><td class=\"column-3\">Liebl<\/td><td class=\"column-4\">3<\/td><td class=\"column-5\">0<\/td><td class=\"column-6\">3<\/td><td class=\"column-7\">20.10.2019<\/td><td class=\"column-8\">AT<\/td>\n<\/tr>\n<tr class=\"row-63\">\n\t<td class=\"column-1\">24<\/td><td class=\"column-2\">Reiner<\/td><td class=\"column-3\">Hillebrand<\/td><td class=\"column-4\">71<\/td><td class=\"column-5\">70<\/td><td class=\"column-6\">141<\/td><td class=\"column-7\">8.11.2025<\/td><td class=\"column-8\">AT\/DE<\/td>\n<\/tr>\n<tr class=\"row-64\">\n\t<td class=\"column-1\">29<\/td><td class=\"column-2\">Helene<\/td><td class=\"column-3\">Macher<\/td><td class=\"column-4\"><a href=\"http:\/\/www.100marathonclub.at\/?page_id=14627\">119<\/a><\/td><td class=\"column-5\">0<\/td><td class=\"column-6\">119<\/td><td class=\"column-7\">11.4.2026<\/td><td class=\"column-8\">AT\/DE<\/td>\n<\/tr>\n<tr class=\"row-65\">\n\t<td class=\"column-1\">43<\/td><td class=\"column-2\">Bianca<\/td><td class=\"column-3\">Seubert<\/td><td class=\"column-4\">30<\/td><td class=\"column-5\">40<\/td><td class=\"column-6\">70<\/td><td class=\"column-7\">25-27.10.2024<\/td><td class=\"column-8\">DE<\/td>\n<\/tr>\n<tr class=\"row-66\">\n\t<td class=\"column-1\">44<\/td><td class=\"column-2\">Franz<\/td><td class=\"column-3\">Schiffl<\/td><td class=\"column-4\">33<\/td><td class=\"column-5\">36<\/td><td class=\"column-6\">69<\/td><td class=\"column-7\">25-27.10.2024<\/td><td class=\"column-8\">DE<\/td>\n<\/tr>\n<tr class=\"row-67\">\n\t<td class=\"column-1\">68<\/td><td class=\"column-2\">Holger<\/td><td class=\"column-3\">Kr\u00f6mer<\/td><td class=\"column-4\"><\/td><td class=\"column-5\"><\/td><td class=\"column-6\"><\/td><td class=\"column-7\"><\/td><td class=\"column-8\">DE<\/td>\n<\/tr>\n<tr class=\"row-68\">\n\t<td class=\"column-1\">1<\/td><td class=\"column-2\">Pandian<\/td><td class=\"column-3\">Sivabalan<\/td><td class=\"column-4\">944<\/td><td class=\"column-5\">57<\/td><td class=\"column-6\">1001<\/td><td class=\"column-7\">1.2.2026<\/td><td class=\"column-8\">I<\/td>\n<\/tr>\n<tr class=\"row-69\">\n\t<td class=\"column-1\">26<\/td><td class=\"column-2\">Keshava Anil<\/td><td class=\"column-3\">Kumar<\/td><td class=\"column-4\">117<\/td><td class=\"column-5\">13<\/td><td class=\"column-6\">130<\/td><td class=\"column-7\">19.11.2015<\/td><td class=\"column-8\">I<\/td>\n<\/tr>\n<\/tbody>\n<\/table>\n<!-- #tablepress-61 from cache -->\n","protected":false},"excerpt":{"rendered":"<p>Die nachfolgende Tabelle bietet eine numerische \u00dcbersicht \u00fcber die Anzahl der Marathons und Ultral\u00e4ufe, die die Mitglieder des 100 Marathon Club Austria bis zum jeweiligen Stichtag absolviert haben.<\/p>\n","protected":false},"author":1,"featured_media":22322,"parent":0,"menu_order":0,"comment_status":"closed","ping_status":"closed","template":"","meta":[],"_links":{"self":[{"href":"http:\/\/www.100marathonclub.at\/index.php?rest_route=\/wp\/v2\/pages\/8582"}],"collection":[{"href":"http:\/\/www.100marathonclub.at\/index.php?rest_route=\/wp\/v2\/pages"}],"about":[{"href":"http:\/\/www.100marathonclub.at\/index.php?rest_route=\/wp\/v2\/types\/page"}],"author":[{"embeddable":true,"href":"http:\/\/www.100marathonclub.at\/index.php?rest_route=\/wp\/v2\/users\/1"}],"replies":[{"embeddable":true,"href":"http:\/\/www.100marathonclub.at\/index.php?rest_route=%2Fwp%2Fv2%2Fcomments&post=8582"}],"version-history":[{"count":5,"href":"http:\/\/www.100marathonclub.at\/index.php?rest_route=\/wp\/v2\/pages\/8582\/revisions"}],"predecessor-version":[{"id":22702,"href":"http:\/\/www.100marathonclub.at\/index.php?rest_route=\/wp\/v2\/pages\/8582\/revisions\/22702"}],"wp:featuredmedia":[{"embeddable":true,"href":"http:\/\/www.100marathonclub.at\/index.php?rest_route=\/wp\/v2\/media\/22322"}],"wp:attachment":[{"href":"http:\/\/www.100marathonclub.at\/index.php?rest_route=%2Fwp%2Fv2%2Fmedia&parent=8582"}],"curies":[{"name":"wp","href":"https:\/\/api.w.org\/{rel}","templated":true}]}}