{"id":8497,"date":"2014-04-18T14:12:42","date_gmt":"2014-04-18T13:12:42","guid":{"rendered":"http:\/\/www.100marathonclub.at\/?page_id=8497"},"modified":"2022-12-25T10:53:05","modified_gmt":"2022-12-25T09:53:05","slug":"eveline-rac","status":"publish","type":"page","link":"http:\/\/www.100marathonclub.at\/?page_id=8497","title":{"rendered":"Eveline Ranninger (Rac)"},"content":{"rendered":"<p><a href=\"http:\/\/www.100marathonclub.at\/wp-content\/uploads\/Evelin.png\" data-rel=\"lightbox-image-0\" data-rl_title=\"\" data-rl_caption=\"\" title=\"\"><img loading=\"lazy\" class=\"alignnone size-full wp-image-8591\" src=\"http:\/\/www.100marathonclub.at\/wp-content\/uploads\/Evelin.png\" alt=\"Evelin\" width=\"218\" height=\"232\" \/><\/a><\/p>\n<p>Ich laufe keinen Zeiten hinterher, Laufen hat mich Schritt f\u00fcr Schritt in eine Freiheit gebracht, die ich mit Sicherheit niemals erreicht h\u00e4tte!!!<\/p>\n<p>Gesundheitliche\u00a0Probleme \u00a0haben mich \u00a0im Sommer 2000 zum Laufen gebracht &#8211; 2001 mein 1.Marathon, tja wenn ich 30 km laufen kann, dann ist ein Marathonfinish m\u00f6glich &#8211; nach unglaublichen 5:06 Stunden war das einfach unbeschreiblich, dieses Gef\u00fchl. Meine Chefin hat auf mich im Ziel gewartet!!!! 2010 erf\u00fcllte mir meine Chefin meinen absoluten Herzenswunsch &#8211;\u00a0den New York Marathon. 8 Monate Vorfreude, 99% meiner Kunden wurden miteingebenden. Es war zugleichmein 30-j\u00e4hriges Firmenjubil\u00e4um &#8211; es war noch gigantischer &#8211; es war der emotionalste Marathon &#8211; ber\u00fchrt mich noch immer!<\/p>\n<p>Mein 1.Ultra war der Rennsteiglauf &#8211; tja,vom Marathon auf 72,7 km lagen nur ein paar HM- f\u00fcr Biel 100 km sollte ich 2 Jahre Mut ben\u00f6tigen, um zu finishen-2011!! Mein 1.Berglauf war der Gro\u00dfglockner Berglauf, weil er an einen Sonntag stattgefunden hat (ich arbeite Samstag), keine Ahnung von HM &#8211; es war ein unglaubliches Erlebnis-Panorama &#8211; H\u00f6henrausch &#8211; die Tour de Tirol mit dem Bergmarathon &#8211; W\u00f6rtherseetrail -Pitztalgletschermarathon -Trail maniak 2900 HM!!!!!!! 84 km vom Mozart 100 (gesundheitlicher Ausstieg) &#8211; 12-Stunden Lauf in Seeschlacht LA &#8211; 6 Stunden Wildon!!! Hamburg-Berlin-Frankfurt-Budapest!!! 22Marathons,\u00a0 Ultras bisher und ich laufe weiter!!;-)<\/p>\n<p>&nbsp;<\/p>\n<p>&nbsp;<\/p>\n","protected":false},"excerpt":{"rendered":"<p>Ich laufe keinen Zeiten hinterher, Laufen hat mich Schritt f\u00fcr Schritt in eine Freiheit gebracht, die ich mit Sicherheit niemals erreicht h\u00e4tte!!! Gesundheitliche\u00a0Probleme \u00a0haben mich \u00a0im Sommer 2000 zum Laufen gebracht &#8211; 2001 mein 1.Marathon, tja wenn ich 30 km laufen kann, dann ist ein Marathonfinish m\u00f6glich &#8211; nach unglaublichen 5:06 Stunden war das einfach &hellip; <a href=\"http:\/\/www.100marathonclub.at\/?page_id=8497\" class=\"more-link\"><span class=\"screen-reader-text\">Eveline Ranninger (Rac)<\/span> weiterlesen <span class=\"meta-nav\">&rarr;<\/span><\/a><\/p>\n","protected":false},"author":1,"featured_media":8545,"parent":0,"menu_order":0,"comment_status":"open","ping_status":"closed","template":"","meta":[],"_links":{"self":[{"href":"http:\/\/www.100marathonclub.at\/index.php?rest_route=\/wp\/v2\/pages\/8497"}],"collection":[{"href":"http:\/\/www.100marathonclub.at\/index.php?rest_route=\/wp\/v2\/pages"}],"about":[{"href":"http:\/\/www.100marathonclub.at\/index.php?rest_route=\/wp\/v2\/types\/page"}],"author":[{"embeddable":true,"href":"http:\/\/www.100marathonclub.at\/index.php?rest_route=\/wp\/v2\/users\/1"}],"replies":[{"embeddable":true,"href":"http:\/\/www.100marathonclub.at\/index.php?rest_route=%2Fwp%2Fv2%2Fcomments&post=8497"}],"version-history":[{"count":8,"href":"http:\/\/www.100marathonclub.at\/index.php?rest_route=\/wp\/v2\/pages\/8497\/revisions"}],"predecessor-version":[{"id":17726,"href":"http:\/\/www.100marathonclub.at\/index.php?rest_route=\/wp\/v2\/pages\/8497\/revisions\/17726"}],"wp:featuredmedia":[{"embeddable":true,"href":"http:\/\/www.100marathonclub.at\/index.php?rest_route=\/wp\/v2\/media\/8545"}],"wp:attachment":[{"href":"http:\/\/www.100marathonclub.at\/index.php?rest_route=%2Fwp%2Fv2%2Fmedia&parent=8497"}],"curies":[{"name":"wp","href":"https:\/\/api.w.org\/{rel}","templated":true}]}}