{"id":7034,"date":"2013-09-04T19:41:17","date_gmt":"2013-09-04T18:41:17","guid":{"rendered":"http:\/\/www.100marathonclub.at\/?page_id=7034"},"modified":"2013-09-12T08:32:07","modified_gmt":"2013-09-12T07:32:07","slug":"thomas-lanz","status":"publish","type":"page","link":"http:\/\/www.100marathonclub.at\/?page_id=7034","title":{"rendered":"Thomas Lanz"},"content":{"rendered":"<p>Ich habe mich vor einigen Tagen entschlossen, dem 100 Marathon Club Austria beizutreten. Am 15. September werde ich\u00a0in der Wachau\u00a0meinen zweiten\u00a0Marathon\u00a0laufen. Ich bin mir bewusst, dass es noch ein langer Weg bis zum Hunderter ist, aber mit 35 Jahren bleibt mir daf\u00fcr viel Zeit. Sobald ich dazukomme, werde ich mein L\u00e4uferportrait mit weiteren Informationen erg\u00e4nzen.<\/p>\n<p><a href=\"http:\/\/www.100marathonclub.at\/wp-content\/uploads\/Thomas.jpg\" data-rel=\"lightbox-image-0\" data-rl_title=\"\" data-rl_caption=\"\" title=\"\"><img loading=\"lazy\" class=\"alignnone size-full wp-image-7135\" alt=\"Thomas\" src=\"http:\/\/www.100marathonclub.at\/wp-content\/uploads\/Thomas.jpg\" width=\"160\" height=\"160\" srcset=\"http:\/\/www.100marathonclub.at\/wp-content\/uploads\/Thomas.jpg 160w, http:\/\/www.100marathonclub.at\/wp-content\/uploads\/Thomas-150x150.jpg 150w\" sizes=\"(max-width: 160px) 100vw, 160px\" \/><\/a><\/p>\n","protected":false},"excerpt":{"rendered":"<p>Ich habe mich vor einigen Tagen entschlossen, dem 100 Marathon Club Austria beizutreten. Am 15. September werde ich\u00a0in der Wachau\u00a0meinen zweiten\u00a0Marathon\u00a0laufen. Ich bin mir bewusst, dass es noch ein langer Weg bis zum Hunderter ist, aber mit 35 Jahren bleibt mir daf\u00fcr viel Zeit. Sobald ich dazukomme, werde ich mein L\u00e4uferportrait mit weiteren Informationen erg\u00e4nzen.<\/p>\n","protected":false},"author":1,"featured_media":0,"parent":0,"menu_order":0,"comment_status":"closed","ping_status":"closed","template":"","meta":[],"_links":{"self":[{"href":"http:\/\/www.100marathonclub.at\/index.php?rest_route=\/wp\/v2\/pages\/7034"}],"collection":[{"href":"http:\/\/www.100marathonclub.at\/index.php?rest_route=\/wp\/v2\/pages"}],"about":[{"href":"http:\/\/www.100marathonclub.at\/index.php?rest_route=\/wp\/v2\/types\/page"}],"author":[{"embeddable":true,"href":"http:\/\/www.100marathonclub.at\/index.php?rest_route=\/wp\/v2\/users\/1"}],"replies":[{"embeddable":true,"href":"http:\/\/www.100marathonclub.at\/index.php?rest_route=%2Fwp%2Fv2%2Fcomments&post=7034"}],"version-history":[{"count":3,"href":"http:\/\/www.100marathonclub.at\/index.php?rest_route=\/wp\/v2\/pages\/7034\/revisions"}],"predecessor-version":[{"id":7136,"href":"http:\/\/www.100marathonclub.at\/index.php?rest_route=\/wp\/v2\/pages\/7034\/revisions\/7136"}],"wp:attachment":[{"href":"http:\/\/www.100marathonclub.at\/index.php?rest_route=%2Fwp%2Fv2%2Fmedia&parent=7034"}],"curies":[{"name":"wp","href":"https:\/\/api.w.org\/{rel}","templated":true}]}}