{"id":6930,"date":"2013-08-28T16:26:45","date_gmt":"2013-08-28T15:26:45","guid":{"rendered":"http:\/\/www.100marathonclub.at\/?page_id=6930"},"modified":"2024-10-29T17:38:45","modified_gmt":"2024-10-29T16:38:45","slug":"werner-kroer","status":"publish","type":"page","link":"http:\/\/www.100marathonclub.at\/?page_id=6930","title":{"rendered":"Werner Kroer"},"content":{"rendered":"<p>Mit 42 Jahren befand ich, dass es an der Zeit war, f\u00fcr jedes bis dahin erreichte Lebensjahr einen Kilometer durchzulaufen. Der Plan f\u00fcr meinen 1. Marathon war gefasst. Am 28. April 2002 lief ich dann also in New Jersey (USA) meinen ersten vollen 42K.<br \/>\nSeither hat mich das (Lang-)Laufen fasziniert und anhaltend motiviert, mich immer wieder erneut\u00a0der &#8216;Herausforderung Marathon&#8217; zu stellen.<br \/>\nDie flachen Asphaltmarathons wurden allerdings nach und nach zu selbst\u00e4hnlich, und gro\u00dfe City-Marathons in zu engen Gassen waren nie so meins. Deshalb ergab es sich auch ganz nat\u00fcrlich, da\u00df sich meine Laufaktivit\u00e4ten mehr und mehr ins Gel\u00e4nde (Trails) verlagerten. In Mitteleuropa &#8211; \u00d6sterreich, Schweiz, Italien, Frankreich, &#8230; &#8211; ist man nat\u00fcrlich diesbez\u00fcglich im &#8216;Paradies&#8217;. Erste Bergmarathonteilnahmen in USA &#8211; siehe Pikes Peak Marathon auf 4.300 m rauf (2 Teilnahmen) oder in Arizona waren hierf\u00fcr wertvolle Erfahrungen. Weitere Marathons mit z.T. extremen H\u00f6henunterschieden (bis zu +\/- 3.600 H\u00f6hemeter auf 42 km) folgten, und konsequenterweise war auch der eine oder andere Ultralauf dabei.<\/p>\n<p>In Zukunft m\u00f6chte ich vor allem bewu\u00dft sch\u00f6ne Marathonstrecken ausw\u00e4hlen und da und dort auch ein neues &#8216;Format&#8217; ausprobieren, wie etwa die immer beliebter werdenden <a href=\"http:\/\/www.teamunlimited.at\/berichte\/764-10-marathons-in10-days-2017\" target=\"_blank\" rel=\"noopener\">&#8216;Marathonserien&#8217; <\/a>in kurzen Zeitabst\u00e4nden (siehe z.B. meine 10 erfolgreichen Teilnahmen an &#8217;10-Marathons-in-10-Tagen&#8217; in \u00a0Lago d&#8217;Orta (ITA, 2014-2024) und zwei Mal (2017, 2024) in Bad Blumau (10in10).<\/p>\n<p>Neben dem Laufen habe ich auch Freude am Schwimmen entwickelt, vor allem nat\u00fcrlich in offenen Gew\u00e4ssern und \u00a0im Meer. Mal sehen wo mich das noch hinf\u00fchren mag&#8230;.<\/p>\n<p>Geografisch lassen sich meine fr\u00fcheren L\u00e4ufe teilweise hier nachverfolgen:<br \/>\n<a href=\"http:\/\/goo.gl\/maps\/jA3kR\">http:\/\/goo.gl\/maps\/jA3kR<\/a><\/p>\n<p>Au\u00dferdem bin ich auch noch\u00a0Obmann des 2007 gegr\u00fcndeten <em>Team Austria Unlimited<\/em>.<br \/>\n<a href=\"http:\/\/www.teamunlimited.at\/\">https:\/\/teamunlimited.at\/mitglieder\/kroer-werner<\/a><\/p>\n<div id='gallery-1' class='gallery galleryid-6930 gallery-columns-3 gallery-size-thumbnail'><figure class='gallery-item'>\n\t\t\t<div class='gallery-icon landscape'>\n\t\t\t\t<a href='http:\/\/www.100marathonclub.at\/wp-content\/uploads\/L1100764-Plattenkogel-Mallnitz-2013.08.15-snapseed-bw-web.jpeg' title=\"\" data-rl_title=\"\" class=\"rl-gallery-link\" data-rl_caption=\"\" data-rel=\"lightbox-gallery-1\"><img width=\"150\" height=\"150\" src=\"http:\/\/www.100marathonclub.at\/wp-content\/uploads\/L1100764-Plattenkogel-Mallnitz-2013.08.15-snapseed-bw-web-150x150.jpeg\" class=\"attachment-thumbnail size-thumbnail\" alt=\"\" loading=\"lazy\" aria-describedby=\"gallery-1-6948\" \/><\/a>\n\t\t\t<\/div>\n\t\t\t\t<figcaption class='wp-caption-text gallery-caption' id='gallery-1-6948'>\n\t\t\t\tPlattenkogel Mallnitz\n\t\t\t\t<\/figcaption><\/figure><figure class='gallery-item'>\n\t\t\t<div class='gallery-icon portrait'>\n\t\t\t\t<a href='http:\/\/www.100marathonclub.at\/wp-content\/uploads\/MAM-2013-3439557_Winterjoechle-sx-profile-snapseed-IMG_2094-web.jpg' title=\"\" data-rl_title=\"\" class=\"rl-gallery-link\" data-rl_caption=\"\" data-rel=\"lightbox-gallery-1\"><img width=\"150\" height=\"150\" src=\"http:\/\/www.100marathonclub.at\/wp-content\/uploads\/MAM-2013-3439557_Winterjoechle-sx-profile-snapseed-IMG_2094-web-150x150.jpg\" class=\"attachment-thumbnail size-thumbnail\" alt=\"\" loading=\"lazy\" aria-describedby=\"gallery-1-6949\" \/><\/a>\n\t\t\t<\/div>\n\t\t\t\t<figcaption class='wp-caption-text gallery-caption' id='gallery-1-6949'>\n\t\t\t\tWinterj\u00f6chle\n\t\t\t\t<\/figcaption><\/figure>\n\t\t<\/div>\n\n<p>Die aktuelle Gesamtliste all meiner Marathons findet sich auf <a href=\"http:\/\/www.marathonaustria.com\/data.asp?person=9\" target=\"_blank\" rel=\"noopener\">MarathonAustria<\/a>, jene der Ultras zum gr\u00f6\u00dften Teil auf der Statistikseite der <a href=\"https:\/\/statistik.d-u-v.org\/getresultperson.php?runner=3428\" target=\"_blank\" rel=\"noopener\">DUV<\/a>.<\/p>\n","protected":false},"excerpt":{"rendered":"<p>Mit 42 Jahren befand ich, dass es an der Zeit war, f\u00fcr jedes bis dahin erreichte Lebensjahr einen Kilometer durchzulaufen. Der Plan f\u00fcr meinen 1. Marathon war gefasst. Am 28. April 2002 lief ich dann also in New Jersey (USA) meinen ersten vollen 42K. Seither hat mich das (Lang-)Laufen fasziniert und anhaltend motiviert, mich immer &hellip; <a href=\"http:\/\/www.100marathonclub.at\/?page_id=6930\" class=\"more-link\"><span class=\"screen-reader-text\">Werner Kroer<\/span> weiterlesen <span class=\"meta-nav\">&rarr;<\/span><\/a><\/p>\n","protected":false},"author":1,"featured_media":6948,"parent":0,"menu_order":0,"comment_status":"closed","ping_status":"closed","template":"","meta":[],"_links":{"self":[{"href":"http:\/\/www.100marathonclub.at\/index.php?rest_route=\/wp\/v2\/pages\/6930"}],"collection":[{"href":"http:\/\/www.100marathonclub.at\/index.php?rest_route=\/wp\/v2\/pages"}],"about":[{"href":"http:\/\/www.100marathonclub.at\/index.php?rest_route=\/wp\/v2\/types\/page"}],"author":[{"embeddable":true,"href":"http:\/\/www.100marathonclub.at\/index.php?rest_route=\/wp\/v2\/users\/1"}],"replies":[{"embeddable":true,"href":"http:\/\/www.100marathonclub.at\/index.php?rest_route=%2Fwp%2Fv2%2Fcomments&post=6930"}],"version-history":[{"count":17,"href":"http:\/\/www.100marathonclub.at\/index.php?rest_route=\/wp\/v2\/pages\/6930\/revisions"}],"predecessor-version":[{"id":21174,"href":"http:\/\/www.100marathonclub.at\/index.php?rest_route=\/wp\/v2\/pages\/6930\/revisions\/21174"}],"wp:featuredmedia":[{"embeddable":true,"href":"http:\/\/www.100marathonclub.at\/index.php?rest_route=\/wp\/v2\/media\/6948"}],"wp:attachment":[{"href":"http:\/\/www.100marathonclub.at\/index.php?rest_route=%2Fwp%2Fv2%2Fmedia&parent=6930"}],"curies":[{"name":"wp","href":"https:\/\/api.w.org\/{rel}","templated":true}]}}