{"id":2638,"date":"2012-11-14T10:56:40","date_gmt":"2012-11-14T09:56:40","guid":{"rendered":"http:\/\/100marathonclub.at\/?page_id=2638"},"modified":"2013-10-16T16:28:48","modified_gmt":"2013-10-16T15:28:48","slug":"siegfried-soell","status":"publish","type":"page","link":"http:\/\/www.100marathonclub.at\/?page_id=2638","title":{"rendered":"Siegfried Soell"},"content":{"rendered":"<p>hallo ihr da drau\u00dfen<\/p>\n<p><span style=\"color: #ff0000;\">hello everybody out there<\/span><\/p>\n<p>&#8220;42195m just the details&#8221; Marathonlaufen ist f\u00fcr mich mehr oder weniger ja nur Sightjogging, oder wann hast Du die ganze Stadt f\u00fcr Dich alleine !!! (Verkehrsl\u00e4rm usw.)<\/p>\n<p><span style=\"color: #ff0000;\">&#8220;42195m just the details&#8221; Marathon running is more or less Sightjogging for me, or when you get the hole city for your own!!! (traffic noice etc.)<\/span><\/p>\n<p><span style=\"color: #ff0000;\">keep on running!!!!<\/span><\/p>\n<p>und ihr schafft das was ihr wirklich wollt und ich meine jeden von Euch!!!<\/p>\n<p><span style=\"color: #ff0000;\">and you get your target, if you realy want it!! and i mean everybody of you!!!<\/span><\/p>\n<p>mein Portrait werde ich dann mit dem 100. Marathon ausf\u00fchrlicher gestalten!!!!<\/p>\n<p><span style=\"color: #ff0000;\">my potrait will be more detailed after i get my target (100 successfull Marathons)<\/span><\/p>\n<p>ansonsten habt einfach Spass bei dem was ihr tut!! bei mir ist es offensichtlich das laufen!!<\/p>\n<p><span style=\"color: #ff0000;\">otherwise just have fun with that you are practicing!! in my case it is obvious running!!<\/span><\/p>\n<dl class=\"wp-caption alignnone\" id=\"attachment_2648\" style=\"width: 289px;\">\n<dt class=\"wp-caption-dt\"><\/dt>\n<dd class=\"wp-caption-dd\">Riga 2012<\/dd>\n<\/dl>\n<p><a href=\"http:\/\/www.100marathonclub.at\/wp-content\/uploads\/2012-05-20-08.18.55.jpg\" data-rel=\"lightbox-image-0\" data-rl_title=\"\" data-rl_caption=\"\" title=\"\"><img loading=\"lazy\" class=\"alignnone size-medium wp-image-7544\" alt=\"SAMSUNG\" src=\"http:\/\/www.100marathonclub.at\/wp-content\/uploads\/2012-05-20-08.18.55-300x225.jpg\" width=\"300\" height=\"225\" srcset=\"http:\/\/www.100marathonclub.at\/wp-content\/uploads\/2012-05-20-08.18.55-300x225.jpg 300w, http:\/\/www.100marathonclub.at\/wp-content\/uploads\/2012-05-20-08.18.55-1024x768.jpg 1024w\" sizes=\"(max-width: 300px) 100vw, 300px\" \/><\/a><\/p>\n<p><span style=\"color: #ff0000;\">Nordea Riga Marathon 2012<\/span><\/p>\n<p><span style=\"color: #ff0000;\"><a href=\"http:\/\/www.100marathonclub.at\/wp-content\/uploads\/snimkiest-106.jpg\" data-rel=\"lightbox-image-1\" data-rl_title=\"\" data-rl_caption=\"\" title=\"\"><img loading=\"lazy\" class=\"alignnone size-medium wp-image-7551\" alt=\"snimkiest 106\" src=\"http:\/\/www.100marathonclub.at\/wp-content\/uploads\/snimkiest-106-300x225.jpg\" width=\"300\" height=\"225\" srcset=\"http:\/\/www.100marathonclub.at\/wp-content\/uploads\/snimkiest-106-300x225.jpg 300w, http:\/\/www.100marathonclub.at\/wp-content\/uploads\/snimkiest-106-1024x768.jpg 1024w, http:\/\/www.100marathonclub.at\/wp-content\/uploads\/snimkiest-106.jpg 1600w\" sizes=\"(max-width: 300px) 100vw, 300px\" \/><\/a><\/span><\/p>\n<p><span style=\"color: #ff0000;\">1. International &#8220;Lauf und Sauf&#8221; run and drink competition in Narva Joseu Estonia<\/span><\/p>\n<p>&nbsp;<\/p>\n","protected":false},"excerpt":{"rendered":"<p>hallo ihr da drau\u00dfen hello everybody out there &#8220;42195m just the details&#8221; Marathonlaufen ist f\u00fcr mich mehr oder weniger ja nur Sightjogging, oder wann hast Du die ganze Stadt f\u00fcr Dich alleine !!! (Verkehrsl\u00e4rm usw.) &#8220;42195m just the details&#8221; Marathon running is more or less Sightjogging for me, or when you get the hole city &hellip; <a href=\"http:\/\/www.100marathonclub.at\/?page_id=2638\" class=\"more-link\"><span class=\"screen-reader-text\">Siegfried Soell<\/span> weiterlesen <span class=\"meta-nav\">&rarr;<\/span><\/a><\/p>\n","protected":false},"author":1,"featured_media":0,"parent":130,"menu_order":0,"comment_status":"closed","ping_status":"closed","template":"","meta":[],"_links":{"self":[{"href":"http:\/\/www.100marathonclub.at\/index.php?rest_route=\/wp\/v2\/pages\/2638"}],"collection":[{"href":"http:\/\/www.100marathonclub.at\/index.php?rest_route=\/wp\/v2\/pages"}],"about":[{"href":"http:\/\/www.100marathonclub.at\/index.php?rest_route=\/wp\/v2\/types\/page"}],"author":[{"embeddable":true,"href":"http:\/\/www.100marathonclub.at\/index.php?rest_route=\/wp\/v2\/users\/1"}],"replies":[{"embeddable":true,"href":"http:\/\/www.100marathonclub.at\/index.php?rest_route=%2Fwp%2Fv2%2Fcomments&post=2638"}],"version-history":[{"count":3,"href":"http:\/\/www.100marathonclub.at\/index.php?rest_route=\/wp\/v2\/pages\/2638\/revisions"}],"predecessor-version":[{"id":7552,"href":"http:\/\/www.100marathonclub.at\/index.php?rest_route=\/wp\/v2\/pages\/2638\/revisions\/7552"}],"up":[{"embeddable":true,"href":"http:\/\/www.100marathonclub.at\/index.php?rest_route=\/wp\/v2\/pages\/130"}],"wp:attachment":[{"href":"http:\/\/www.100marathonclub.at\/index.php?rest_route=%2Fwp%2Fv2%2Fmedia&parent=2638"}],"curies":[{"name":"wp","href":"https:\/\/api.w.org\/{rel}","templated":true}]}}