{"id":17217,"date":"2022-07-15T20:53:29","date_gmt":"2022-07-15T19:53:29","guid":{"rendered":"http:\/\/www.100marathonclub.at\/?page_id=17217"},"modified":"2022-07-23T09:32:31","modified_gmt":"2022-07-23T08:32:31","slug":"meister-adebar","status":"publish","type":"page","link":"http:\/\/www.100marathonclub.at\/?page_id=17217","title":{"rendered":"Meister  ADEBAR"},"content":{"rendered":"<p><a href=\"http:\/\/www.100marathonclub.at\/wp-content\/uploads\/Storch-Adebar.jpg\" data-rel=\"lightbox-image-0\" data-rl_title=\"\" data-rl_caption=\"\" title=\"\"><img loading=\"lazy\" class=\"size-thumbnail wp-image-17218 aligncenter\" src=\"http:\/\/www.100marathonclub.at\/wp-content\/uploads\/Storch-Adebar-150x150.jpg\" alt=\"\" width=\"150\" height=\"150\" \/><\/a><\/p>\n<p>Mein Name ist <strong>Meister ADEBAR<\/strong>, ich bin der Gemeindestorch von Bad Blumau und niste hoch oben auf dem Kirchturm von Bad Blumau (gleich neben der Glocke). Neben meiner intensiven Brutpflege kreiste ich w\u00e4hrend des 10 in 10 Events vom 1.-10. Juli mit meinen gro\u00dfen Schwingen und scharfen Augen \u00fcber die K\u00f6pfe der vielen L\u00e4ufer hinweg und habe mir besonders die 100 MCA Mitglieder angesehen und wei\u00df nun folgendes zu berichten (in alphabetischer Reihenfolge, denn gebildete St\u00f6rche k\u00f6nnen nicht nur Kinder machen und bringen sondern auch das ABC&#8230;):<\/p>\n<p>Gleich am ersten Tag ersp\u00e4hte ich<strong> Zsofia Birtalan,<\/strong> die Homepage-Administratorin. Sie war an zwei Tagen anwesend, feuerte die unerschrockenen L\u00e4ufer des 100 MCA ebenfalls unerschrocken an, machte Fotos f\u00fcr die Homepage, reichte Getr\u00e4nke und lie\u00df sich br\u00e4unen&#8230;<br \/>\n<strong>Bernhard Bruckner<\/strong>, der altgediente Ehrenpr\u00e4sident und einer der wenigen Inhaber aller (!) Wien Marathon-Medaillen wagte sich gleich 3 mal auf die Strecke um seinen Sohn Basti zu unterst\u00fctzen. Ich habe es nicht ausmachen k\u00f6nnen, ob sein Leiberl vom Schwei\u00df so na\u00df wurde oder ob es von den Ganzk\u00f6rperduschen auf der Strecke mit unserem guten Blumauer Gemeinde Wasser war&#8230; es war jedenfalls sehr hei\u00df&#8230;<\/p>\n<p><strong>Bastian Bruckner<\/strong> d\u00fcrfte ziemlich denselben Gendefekt seines Vaters \u00fcbernommen haben, wagte heuer die gesamten 10 in 10 und konnte auch den Platz 2 auf dem Podest in der Gesamtwertung erk\u00e4mpfen. Wenn er so heldenhaft weiter macht, dann bekommt er noch einen Antrag auf Beitritt zum 100 MCA&#8230;<br \/>\n<strong>Gerald Frauendienst<\/strong> wagte ebenfalls heuer zu ersten Male die gesamten 10 in 10. Wieder mal nix trainiert, am ersten Freitag gleich verschlafen und 1,5h zu sp\u00e4t am Start den anderen hinterher, richtete er sich wie ein Wetterfrosch nach der Witterung, d.h. in der Hitze gehend, schleichend, die Natur und meine (!) Storchenfrau bewundernd und an den k\u00fchleren Tagen etwas laufend. Was soll ich sagen: Sein Konzept war schliesslich erfolgreich.<br \/>\n<strong>Karl-Alfred Erber<\/strong> mit seiner ruhigen Konsequenz und von oben weithin sichtbar im rosaroten Dress des SKN ST. P\u00f6lten Damen, meisterte am letzten Wochenende seinen 200. Marathon. Er hielt auch auf dem Finisherpodest eine Rede, wo er alle namhaften Jubil\u00e4en und runden Zahlen der Marathonwelt der laufendenen Woche beindruckend zusammenfasste. Blumau hat puncto Veranstaltungen nun zahlenm\u00e4\u00dfig New York \u00fcberrundet&#8230;wurde eh schon Zeit&#8230;<br \/>\n<strong>Reiner Hillebrand, <\/strong>(Fast-) Mitglied des 100 Marathon Clubs konnte leider nur die ersten 7 Tage des Events teilnehmen. Aufgrund seiner jahrelangen Erfahrung als rasender Polizist und ge\u00fcbt in der flinken Verbrechensverfolgung legte er wirklich beeindruckende Laufzeiten hin. Ich, Adebar, habe mich allerdings gefragt: Welchen Verbrecher verfolgt er eigentlich auf der Laufstrecke ?? Jedenfalls hat er sich mit seinem bayrischen Dialekt und seiner netten Art sofort Freunde beim 100 MCA gefunden und strebt eine unmittelbare Mitgliedschaft an, der oide Sheriff&#8230;<br \/>\n<strong>Andy Kapui:<\/strong> Den kenne nun schon wirklich lange, solange ich \u00fcber Blumau kreise. Eigentlich sollte er mit seiner Statur Boxer werden oder Leibw\u00e4chter, aber er probiert sich halt im Laufen. &#8230; Am Tag 8 konnte er dann endlich den 6er knacken, worauf er besonders stolz war&#8230;das habe ich gesehen..<\/p>\n<p>Und dann gibt es da noch den <strong>Helmut Kastl, <\/strong>der voriges Jahr sogar Gesamtsieger wurde und somit in die Hall of Fame von Blumau aufgenommen wurde. Aber heuer lief er &#8220;erst&#8221; seinen offiziellen 100sten 42er. In Summe mit all seinen Ultras hat er weit mehr als 100 , aber der Helmut ist da konsequent&#8230;\u00a0 Jedes Jahr auch dabei seine liebe Frau Elfi, die immer an der Laufstrecke zu finden ist und die L\u00e4ufer anfeuert, egal bei welcher Partei diese sind \ud83d\ude09 &#8230; Sie war es auch die es eingef\u00e4delt hat, dass der <strong>Heli\u00a0 <\/strong>vom 100 Marathon Club umworben wird. Dann endlich am letzten Sonntag, w\u00e4hrend der feierlichen Siegerehrung gab es f\u00fcr den <strong>Heli <\/strong>einen Antrag vom 100 MCA auf Aufnahme und kein Zur\u00fcck mehr&#8230;\u00a0 und der <strong>Heli <\/strong>antwortete mit einem lauten &#8220;Ja, ich will&#8221;<\/p>\n<p>Dem hartn\u00e4ckigen <strong>B\u00f6rni Keiler <\/strong>hab ich nun auch schon ein paar Mal in Blumau von oben zusehen d\u00fcrfen. Er laboriert noch ein wenig mit seinem Kreuz herum, aber als frisch gew\u00e4hlter Pr\u00e4sident des 100 MCA musste er schon alleine aus Gewissensgr\u00fcnden ein zweites Mal anreisen und den anderen zeigen wo der Hammer h\u00e4ngt&#8230;und wo h\u00e4ngt er jetzt, der Hammer ?\u00a0<strong> B\u00f6rni <\/strong>?<\/p>\n<p>Der<strong> Daniel Krieg<\/strong>, der h\u00e4tte heuer so gro\u00dfe Chancen auf den Gesamtsieg in der Herrenwertung gehabt. Auf den Dani hab ich mich schon gefreut, den kenn ich noch vom letzten Jahr.\u00a0 Er hat es aber heuer ein klein wenig \u00fcbertrieben, das hat er mir selbst gesagt (17 Marathons im ersten Halbjahr waren dann doch zu viel). Er regeneriert sich von seiner Sportverletzung, hat es sich aber dennoch nicht nehmen lassen auf ein Bier vorbei zu schauen und die Clubmitglieder anzufeuern&#8230;ein ziemlich teures Bier bei den aktuelllen Dieselpreisen. Er wird demn\u00e4chst wieder in das Geschehen eingreifen, aber lieber ein kleiner D\u00e4mpfer als ein Totalausfall&#8230;<br \/>\n<strong>Werner Kroer <\/strong>musste sich auch heuer etwas zur\u00fccknehmen. Nach 299 Marathons wei\u00df man nat\u00fcrlich wie man sich seine Gesundheit einteilt und so konnte er gerade noch rechtzeitig zur Clubsitzung am Samstag, den 02. Juli seinen unglaublich 300.ten Marathon finishen, was mit einer schmackhaften Sachertorte und Sekt auch gefeiert wurde.<br \/>\n<strong>Ambros M\u00fchlbachler<\/strong>, ein Urgestein der weltweiten Ultral\u00e4ufe hatte heuer eine ganz eigenwillige Performance. An manchen Tagen schnaufte er wie die tschechische Marathon-Lokomotive Emil Zatopek und an anderen Tagen war er entspannt wie der eingerauchte John Lennon. Seine Strategie ist mir noch immer unklar, aber sie war jedenfalls erfolgreich \u00fcber alle 10 Tage hinweg.. ic glaube, er betet heimlich zum Hl. Ambrosius&#8230;.<br \/>\n<strong>Felix Pauli, <\/strong>eigentlich schon 82 Jahre alt, aber leichtf\u00fcssig tribbelnd wie mit 28, sagte mir: Vielleicht sind das heuer die letzten 10 in 10, vielleicht n\u00e4chstes Jahr nur mehr jeden zweiten Tag, aber wenn das Wetter passt, na dann vielleicht doch wieder alle 10, vielleicht, vielleicht schau ma mal , vielleicht, <strong>Felix <\/strong>(= der Gl\u00fcckliche)<\/p>\n<p><strong>Roman Pauli<\/strong>, ebenso frisches Clubmitglied im 100 MCA hat am 5.Tag eine Tageslizenz eingel\u00f6st um seinen Papa zu begleiten. <strong>Roman <\/strong>ist erst 51 Jahre jung, da hat der Papa <strong>Felix <\/strong>noch gar nicht mit Marathon angefangen (erst mit 53, er musste ja noch 1-2 Jahre seinen Kinderwagen schieben&#8230;. ) Ich glaube der <strong>Roman <\/strong>hat sich heuer die Strecke nur mal angeschaut und nimmt n\u00e4chstes Jahr mehr in Angriff. Der Laufstil, federleicht tribbelnd, ganz der Papaaa&#8230;aus der Luft leicht zu erkennen, die Beiden&#8230;<\/p>\n<p><strong>Sivabalan Pandian<\/strong>,\u00a0 der weitgereiste indische Legion\u00e4r mit eigener Marathonlauf-Akademie in Mumbai \/ Indien. Er ist durch nichts aus der Ruhe zu bringen. Immer gleichm\u00e4ssiges Tempo und wenn die Beine schmerzen, dann werden am mitgef\u00fchren Handy indische Oldies abgespielt. (&#8220;You have to be slow and steady, that&#8217;s the plan of marathon&#8230;&#8221;)<\/p>\n<p>Dann sah ich auch noch den Veranstalter <strong>Otto Peischl<\/strong> am Tag 8 . Aber ganz klar ist mir das Ganze immer noch nicht. Wahrscheinlich hat er am Vorabend wieder etwas zu viel veranstaltet, denn er hat scheinbar den Start vers\u00e4umt, lief um ca. 09:00h weg, aber nur eine Runde lang ?? Auff\u00e4llig war auch, dass er der Einzige war, der im Uhrzeigersinn gelaufen ist ??\u00a0 Vielleicht wollte er aber die L\u00e4ufer nur etwas anfeuern, aber ein bisschen laufen d\u00fcrfte er schon noch k\u00f6nnen, der <strong>Otto\u00a0 <\/strong>&#8230;<\/p>\n<p><strong>Csilla Prosser<\/strong>, die Blume des 100 MCA aus Bad Tatzmannsdorf hat es heuer gleich dreimal auf der Rundstrecke probiert. Ich habe gesehen, dass sie schon sehr gek\u00e4mpft hat, vor allem in der Hitze, aber sie hat es bravour\u00f6s gemeistert. Sp\u00e4ter, als die 100 MCA Freunde am Tisch fr\u00f6hlich beinander gesessen sind, hat man ihr nichts mehr davon angemerkt. Was ihr besonders gut getan hat war die Sonne: Angereist, wei\u00df wie eine Semmel, abgereist wie ein knuspriges Volkornweckerl&#8230;die <strong>Csilla<\/strong>, der lachende Stern des 100 MCA..\u00a0 als grenz\u00fcberfliegender Storch wei\u00df ich nat\u00fcrlich, dass <strong>Csilla <\/strong>&#8220;Stern&#8221; auf ungarisch hei\u00dft&#8230;<\/p>\n<p>Der alte Veteran und Haudegen <strong>Gerhard Wally <\/strong>reiste am Tag 3 an, bekam aber am Abend von der b\u00f6sen Dorfwirtin sein lang ersehntes Wiener Schnitzel nicht mehr und musste die &#8211; gn\u00e4digerweise \u00fcberlassenen &#8211; kalten Resterl von Sekret\u00e4r <strong>Frauendienst<\/strong> aufessen. Und mit diesem unendlichen, hungrigen Zorn im Bauch rannte der <strong>Gerhard <\/strong>am n\u00e4chsten Tag wie ein wilder\u00a0 Stier &#8230;Das einzige was vor ihm war, war sein Schirmkapperl&#8230;. Man kann res\u00fcmieren, der <strong>Wally <\/strong>hat scheinbar seine Knieprobleme endlich wieder ausgeheilt und schlie\u00dft mit seinen Leistungen wieder dort an, wo er vor 2 Jahren aufgeh\u00f6rt hat&#8230;man freut sich mit ihm&#8230;<\/p>\n<p>\u00dcber den <strong>Fredi Zitzenbacher<\/strong> kann ich gar nicht so viel berichten (ich hatte gerade Brutpflege im Kirchturm) , denn so schnell wie er angereist ist, ist er auch gelaufen und so schnell ist er auch wieder abgereist. Also ein ganz ein Schneller, der <strong>Fredi\u00a0 <\/strong>mit 3:52 am Tag 3.<\/p>\n<p>So, das w\u00e4re mein Bericht aus der Vogelperspektive. Mehr kann ich nicht erz\u00e4hlen. Wer mehr wissen will, muss die coolen Kollegen vom 100 MCA fragen oder selber mitlaufen&#8230;.<\/p>\n<p>Euer Storch <strong>ADEBAR <\/strong>aus Blumau.<\/p>\n","protected":false},"excerpt":{"rendered":"<p>Mein Name ist Meister ADEBAR, ich bin der Gemeindestorch von Bad Blumau und niste hoch oben auf dem Kirchturm von Bad Blumau (gleich neben der Glocke). Neben meiner intensiven Brutpflege kreiste ich w\u00e4hrend des 10 in 10 Events vom 1.-10. Juli mit meinen gro\u00dfen Schwingen und scharfen Augen \u00fcber die K\u00f6pfe der vielen L\u00e4ufer hinweg &hellip; <a href=\"http:\/\/www.100marathonclub.at\/?page_id=17217\" class=\"more-link\"><span class=\"screen-reader-text\">Meister  ADEBAR<\/span> weiterlesen <span class=\"meta-nav\">&rarr;<\/span><\/a><\/p>\n","protected":false},"author":1,"featured_media":0,"parent":0,"menu_order":0,"comment_status":"closed","ping_status":"closed","template":"","meta":[],"_links":{"self":[{"href":"http:\/\/www.100marathonclub.at\/index.php?rest_route=\/wp\/v2\/pages\/17217"}],"collection":[{"href":"http:\/\/www.100marathonclub.at\/index.php?rest_route=\/wp\/v2\/pages"}],"about":[{"href":"http:\/\/www.100marathonclub.at\/index.php?rest_route=\/wp\/v2\/types\/page"}],"author":[{"embeddable":true,"href":"http:\/\/www.100marathonclub.at\/index.php?rest_route=\/wp\/v2\/users\/1"}],"replies":[{"embeddable":true,"href":"http:\/\/www.100marathonclub.at\/index.php?rest_route=%2Fwp%2Fv2%2Fcomments&post=17217"}],"version-history":[{"count":3,"href":"http:\/\/www.100marathonclub.at\/index.php?rest_route=\/wp\/v2\/pages\/17217\/revisions"}],"predecessor-version":[{"id":17248,"href":"http:\/\/www.100marathonclub.at\/index.php?rest_route=\/wp\/v2\/pages\/17217\/revisions\/17248"}],"wp:attachment":[{"href":"http:\/\/www.100marathonclub.at\/index.php?rest_route=%2Fwp%2Fv2%2Fmedia&parent=17217"}],"curies":[{"name":"wp","href":"https:\/\/api.w.org\/{rel}","templated":true}]}}