{"id":14519,"date":"2019-01-11T06:38:25","date_gmt":"2019-01-11T05:38:25","guid":{"rendered":"http:\/\/www.100marathonclub.at\/?page_id=14519"},"modified":"2024-05-13T11:50:17","modified_gmt":"2024-05-13T10:50:17","slug":"gerald-stoiser","status":"publish","type":"page","link":"http:\/\/www.100marathonclub.at\/?page_id=14519","title":{"rendered":"Gerald Stoiser"},"content":{"rendered":"<p>&nbsp;<\/p>\n<p><span style=\"text-decoration: underline;\"><strong><div class=\"rl-gallery-container rl-loading\" id=\"rl-gallery-container-1\" data-gallery_id=\"20109\"> <div class=\"rl-gallery rl-basicgrid-gallery \" id=\"rl-gallery-1\" data-gallery_no=\"1\"> <div class=\"rl-gallery-item\"><a href=\"http:\/\/www.100marathonclub.at\/wp-content\/uploads\/2021_7_Schluchtenkoenig.jpeg\" title=\"\" data-rl_title=\"\" class=\"rl-gallery-link\" data-rl_caption=\"\" data-rel=\"lightbox-gallery-1\"><img src=\"http:\/\/www.100marathonclub.at\/wp-content\/uploads\/2021_7_Schluchtenkoenig-300x169.jpeg\" width=\"300\" height=\"169\" \/><\/a><\/div><div class=\"rl-gallery-item\"><a href=\"http:\/\/www.100marathonclub.at\/wp-content\/uploads\/2022_1_Zu\u0308rich.jpeg\" title=\"\" data-rl_title=\"\" class=\"rl-gallery-link\" data-rl_caption=\"\" data-rel=\"lightbox-gallery-1\"><img src=\"http:\/\/www.100marathonclub.at\/wp-content\/uploads\/2022_1_Zu\u0308rich-300x169.jpeg\" width=\"300\" height=\"169\" \/><\/a><\/div><div class=\"rl-gallery-item\"><a href=\"http:\/\/www.100marathonclub.at\/wp-content\/uploads\/2022_3_Wachau.jpeg\" title=\"\" data-rl_title=\"\" class=\"rl-gallery-link\" data-rl_caption=\"\" data-rel=\"lightbox-gallery-1\"><img src=\"http:\/\/www.100marathonclub.at\/wp-content\/uploads\/2022_3_Wachau-300x169.jpeg\" width=\"300\" height=\"169\" \/><\/a><\/div><div class=\"rl-gallery-item\"><a href=\"http:\/\/www.100marathonclub.at\/wp-content\/uploads\/2023_3_Zugspitze.jpeg\" title=\"\" data-rl_title=\"\" class=\"rl-gallery-link\" data-rl_caption=\"\" data-rel=\"lightbox-gallery-1\"><img src=\"http:\/\/www.100marathonclub.at\/wp-content\/uploads\/2023_3_Zugspitze-300x169.jpeg\" width=\"300\" height=\"169\" \/><\/a><\/div><div class=\"rl-gallery-item\"><a href=\"http:\/\/www.100marathonclub.at\/wp-content\/uploads\/2023_1_Istrien.jpeg\" title=\"\" data-rl_title=\"\" class=\"rl-gallery-link\" data-rl_caption=\"\" data-rel=\"lightbox-gallery-1\"><img src=\"http:\/\/www.100marathonclub.at\/wp-content\/uploads\/2023_1_Istrien-300x169.jpeg\" width=\"300\" height=\"169\" \/><\/a><\/div><div class=\"rl-gallery-item\"><a href=\"http:\/\/www.100marathonclub.at\/wp-content\/uploads\/2023_5_Kaisermarathon.jpeg\" title=\"\" data-rl_title=\"\" class=\"rl-gallery-link\" data-rl_caption=\"\" data-rel=\"lightbox-gallery-1\"><img src=\"http:\/\/www.100marathonclub.at\/wp-content\/uploads\/2023_5_Kaisermarathon-300x169.jpeg\" width=\"300\" height=\"169\" \/><\/a><\/div><div class=\"rl-gallery-item\"><a href=\"http:\/\/www.100marathonclub.at\/wp-content\/uploads\/2023_4_Transelkirks.jpeg\" title=\"\" data-rl_title=\"\" class=\"rl-gallery-link\" data-rl_caption=\"\" data-rel=\"lightbox-gallery-1\"><img src=\"http:\/\/www.100marathonclub.at\/wp-content\/uploads\/2023_4_Transelkirks-300x169.jpeg\" width=\"300\" height=\"169\" \/><\/a><\/div><div class=\"rl-gallery-item\"><a href=\"http:\/\/www.100marathonclub.at\/wp-content\/uploads\/2023_7_Nizza.jpeg\" title=\"\" data-rl_title=\"\" class=\"rl-gallery-link\" data-rl_caption=\"\" data-rel=\"lightbox-gallery-1\"><img src=\"http:\/\/www.100marathonclub.at\/wp-content\/uploads\/2023_7_Nizza-300x169.jpeg\" width=\"300\" height=\"169\" \/><\/a><\/div> <\/div> <\/div><\/strong><\/span><\/p>\n<p><span style=\"text-decoration: underline;\"><strong>\u00dcber mich<\/strong><\/span><\/p>\n<p>Ich laufe \u2013 gerne und eher weit. Und erst seit meinem 49. Lebensjahr. Vorher lachte ich die L\u00e4ufer in ihren \u2018Strumpfhosen\u2019 aus und war der Meinung \u2018jeder Sport ist m\u00f6glich, aber sicher nicht laufen!\u2019.<\/p>\n<p>Woher der Sinneswandel? Es hat von der ersten Stunde an Spa\u00df gemacht &#x1f642; , die L\u00e4ufercommunity ist ein l\u00e4ssiger Haufen (speziell die Trailrunner), man kann wunderbar entspannen, es spielt sich alles in der Natur ab, die ganze Welt l\u00e4sst sich erlaufen, \u2026<\/p>\n<p>Auch vor meiner L\u00e4uferkarriere war ich, ohne es bewusst wahrzunehmen, dem Ausdauersport zugetan. Lange Wanderungen und Bergtouren waren nie eine un\u00fcberwindliche Herausforderung. Ziele waren dabei unter anderem der Kilimandscharo, der Ararat, die Kora um den heiligen Berg Kailash in Tibet und unz\u00e4hlige Hochgebirgs-Touren in den Alpen.<\/p>\n<p>Ich bin kein Sammler &#8211; ich genie\u00dfe jeden Lauf und verwende mein Hobby auch dazu, die Welt kennenzulernen.<\/p>\n<p>Meine Web-Site:<a href=\"http:\/\/ www.gstoiser.at\"> www.gstoiser.at<\/a><\/p>\n","protected":false},"excerpt":{"rendered":"<p>&nbsp; \u00dcber mich Ich laufe \u2013 gerne und eher weit. Und erst seit meinem 49. Lebensjahr. Vorher lachte ich die L\u00e4ufer in ihren \u2018Strumpfhosen\u2019 aus und war der Meinung \u2018jeder Sport ist m\u00f6glich, aber sicher nicht laufen!\u2019. Woher der Sinneswandel? Es hat von der ersten Stunde an Spa\u00df gemacht &#x1f642; , die L\u00e4ufercommunity ist ein &hellip; <a href=\"http:\/\/www.100marathonclub.at\/?page_id=14519\" class=\"more-link\"><span class=\"screen-reader-text\">Gerald Stoiser<\/span> weiterlesen <span class=\"meta-nav\">&rarr;<\/span><\/a><\/p>\n","protected":false},"author":1,"featured_media":20096,"parent":0,"menu_order":0,"comment_status":"closed","ping_status":"closed","template":"","meta":[],"_links":{"self":[{"href":"http:\/\/www.100marathonclub.at\/index.php?rest_route=\/wp\/v2\/pages\/14519"}],"collection":[{"href":"http:\/\/www.100marathonclub.at\/index.php?rest_route=\/wp\/v2\/pages"}],"about":[{"href":"http:\/\/www.100marathonclub.at\/index.php?rest_route=\/wp\/v2\/types\/page"}],"author":[{"embeddable":true,"href":"http:\/\/www.100marathonclub.at\/index.php?rest_route=\/wp\/v2\/users\/1"}],"replies":[{"embeddable":true,"href":"http:\/\/www.100marathonclub.at\/index.php?rest_route=%2Fwp%2Fv2%2Fcomments&post=14519"}],"version-history":[{"count":7,"href":"http:\/\/www.100marathonclub.at\/index.php?rest_route=\/wp\/v2\/pages\/14519\/revisions"}],"predecessor-version":[{"id":20110,"href":"http:\/\/www.100marathonclub.at\/index.php?rest_route=\/wp\/v2\/pages\/14519\/revisions\/20110"}],"wp:featuredmedia":[{"embeddable":true,"href":"http:\/\/www.100marathonclub.at\/index.php?rest_route=\/wp\/v2\/media\/20096"}],"wp:attachment":[{"href":"http:\/\/www.100marathonclub.at\/index.php?rest_route=%2Fwp%2Fv2%2Fmedia&parent=14519"}],"curies":[{"name":"wp","href":"https:\/\/api.w.org\/{rel}","templated":true}]}}